
2, 5, 6047
What are the prime factors of 4750480?
2, 5, 7, 17, 499
What are the prime factors of 860833?
19, 45307
List the prime factors of 9510390.
2, 3, 5, 251, 421
What are the prime factors of 3877541?
73, 53117
What are the prime factors of 5500092?
2, 3, 13, 35257
List the prime factors of 6149796.
2, 3, 67, 7649
What are the prime factors of 610950?
2, 3, 5, 4073
What are the prime factors of 18748?
2, 43, 109
What are the prime factors of 915941?
13, 70457
What are the prime factors of 1741565?
5, 7, 17, 2927
What are the prime factors of 311040?
2, 3, 5
What are the prime factors of 2403213?
3, 31, 25841
What are the prime factors of 6864034?
2, 167, 20551
List the prime factors of 6763010.
2, 5, 197, 3433
List the prime factors of 976260.
2, 3, 5, 53, 307
List the prime factors of 7245640.
2, 5, 181141
List the prime factors of 1044287.
1044287
List the prime factors of 440759.
11, 17, 2357
List the prime factors of 1522519.
359, 4241
List the prime factors of 16943.
16943
What are the prime factors of 9255441?
3, 13, 237319
What are the prime factors of 1088146?
2, 71, 79, 97
List the prime factors of 18325995.
3, 5, 353, 3461
List the prime factors of 8428.
2, 7, 43
What are the prime factors of 1154656?
2, 36083
What are the prime factors of 9353141?
7, 47, 28429
List the prime factors of 2011937.
439, 4583
List the prime factors of 855004.
2, 213751
What are the prime factors of 131360?
2, 5, 821
What are the prime factors of 1496307?
3, 19, 26251
List the prime factors of 240343.
31, 7753
What are the prime factors of 12667233?
3, 173, 24407
What are the prime factors of 17829?
3, 7, 283
What are the prime factors of 188887?
17, 41, 271
List the prime factors of 18163096.
2, 7, 324341
List the prime factors of 24675333.
3, 1993, 4127
What are the prime factors of 27328151?
59, 463189
List the prime factors of 1763806.
2, 11, 80173
List the prime factors of 1557180.
2, 3, 5, 41, 211
What are the prime factors of 2706474?
2, 3, 19, 23741
List the prime factors of 360081.
3, 40009
What are the prime factors of 784280?
2, 5, 7, 2801
What are the prime factors of 250083?
3, 37, 751
List the prime factors of 7797253.
23, 47, 7213
List the prime factors of 4403952.
2, 3, 7, 17, 257
What are the prime factors of 356522?
2, 178261
What are the prime factors of 73546?
2, 11, 3343
List the prime factors of 16020.
2, 3, 5, 89
List the prime factors of 21836390.
2, 5, 79, 131, 211
What are the prime factors of 646188?
2, 3, 53849
List the prime factors of 9179954.
2, 7, 283, 331
What are the prime factors of 319909?
233, 1373
List the prime factors of 269522.
2, 11, 12251
What are the prime factors of 1197370?
2, 5, 119737
What are the prime factors of 7902359?
7902359
What are the prime factors of 820506?
2, 3, 136751
List the prime factors of 1007205.
3, 5, 83, 809
List the prime factors of 97996.
2, 24499
List the prime factors of 99304.
2, 12413
What are the prime factors of 916193?
439, 2087
List the prime factors of 451995.
3, 5, 30133
What are the prime factors of 680780?
2, 5, 34039
List the prime factors of 324157.
37, 8761
List the prime factors of 1435948.
2, 358987
What are the prime factors of 379867?
19, 19993
What are the prime factors of 3179907?
3, 137, 2579
What are the prime factors of 564992?
2, 2207
What are the prime factors of 948524?
2, 83, 2857
List the prime factors of 439908.
2, 3, 7, 5237
List the prime factors of 105220.
2, 5, 5261
What are the prime factors of 292036?
2, 73009
List the prime factors of 9491440.
2, 5, 7, 17, 997
List the prime factors of 44282.
2, 7, 3163
What are the prime factors of 17759307?
3, 313, 18913
List the prime factors of 2116883.
61, 34703
What are the prime factors of 160319?
160319
List the prime factors of 1417723.
19, 29, 31, 83
List the prime factors of 152121.
3, 50707
List the prime factors of 3548084.
2, 83, 10687
What are the prime factors of 155441?
11, 13, 1087
List the prime factors of 4431294.
2, 3, 7, 19, 617
What are the prime factors of 423973?
11, 38543
What are the prime factors of 317717?
317717
List the prime factors of 187438.
2, 93719
List the prime factors of 637038.
2, 3, 47, 251
List the prime factors of 183960.
2, 3, 5, 7, 73
What are the prime factors of 568026?
2, 3, 67, 157
List the prime factors of 3007798.
2, 1503899
List the prime factors of 1254360.
2, 3, 5, 10453
What are the prime factors of 345170?
2, 5, 7, 4931
List the prime factors of 469905.
3, 5, 31327
What are the prime factors of 1603137?
3, 251, 2129
List the prime factors of 2317015.
5, 17, 27259
List the prime factors of 1697245.
5, 11, 30859
What are the prime factors of 1740144?
2, 3, 7, 5179
List the prime factors of 647110.
2, 5, 163, 397
List the prime factors of 181270.
2, 5, 18127
List the prime factors of 1043180.
2, 5, 43, 1213
What are the prime factors of 8238508?
2, 23, 149, 601
List the prime factors of 2736803.
571, 4793
What are the prime factors of 961618?
2, 7, 68687
List the prime factors of 1057911.
3, 352637
List the prime factors of 7668824.
2, 163, 5881
What are the prime factors of 11987072?
2, 71, 1319
What are the prime factors of 14140272?
2, 3, 97, 3037
What are the prime factors of 12685541?
11, 31, 37201
What are the prime factors of 10108390?
2, 5, 173, 5843
What are the prime factors of 2337899?
2337899
List the prime factors of 4290.
2, 3, 5, 11, 13
What are the prime factors of 392733?
3, 11, 3967
What are the prime factors of 4175480?
2, 5, 47, 2221
List the prime factors of 14665871.
11, 1333261
List the prime factors of 48280.
2, 5, 17, 71
What are the prime factors of 244608?
2, 3, 7, 13
What are the prime factors of 230230?
2, 5, 7, 11, 13, 23
What are the prime factors of 17469796?
2, 1361, 3209
List the prime factors of 180004.
2, 11, 4091
List the prime factors of 7823356.
2, 1955839
What are the prime factors of 1411439?
37, 1031
List the prime factors of 839243.
859, 977
List the prime factors of 3046579.
3046579
List the prime factors of 1790808.
2, 3, 29, 31, 83
List the prime factors of 11491500.
2, 3, 5, 47, 163
List the prime factors of 558589.
31, 37, 487
List the prime factors of 244070.
2, 5, 24407
What are the prime factors of 10102048?
2, 11, 2609
List the prime factors of 373401.
3, 7, 5927
List the prime factors of 1302504.
2, 3, 7, 7753
What are the prime factors of 450420?
2, 3, 5, 7507
What are the prime factors of 28721195?
5, 5744239
What are the prime factors of 11734016?
2, 7, 1637
List the prime factors of 606851.
7, 86693
What are the prime factors of 831728?
2, 227, 229
List the prime factors of 21991769.
21991769
What are the prime factors of 12492784?
2, 780799
List the prime factors of 5903696.
2, 197, 1873
What are the prime factors of 842764?
2, 13, 19, 853
List the prime factors of 7086695.
5, 7, 11, 79, 233
List the prime factors of 937787.
43, 113, 193
List the prime factors of 5421364.
2, 13, 137, 761
List the prime factors of 10439307.
3, 386641
What are the prime factors of 8547633?
3, 197, 1607
What are the prime factors of 18506560?
2, 5, 151, 383
List the prime factors of 27117457.
27117457
List the prime factors of 69976.
2, 8747
List the prime factors of 36156366.
2, 3, 433, 4639
What are the prime factors of 2132468?
2, 13, 23, 1783
What are the prime factors of 6274513?
7, 17, 52727
List the prime factors of 11660436.
2, 3, 17, 29, 73
What are the prime factors of 526660?
2, 5, 17, 1549
What are the prime factors of 238651?
7, 103, 331
What are the prime factors of 1977657?
3, 11, 59929
List the prime factors of 15576670.
2, 5, 1557667
What are the prime factors of 14108090?
2, 5, 1410809
List the prime factors of 31353288.
2, 3, 1306387
List the prime factors of 123068.
2, 11, 2797
What are the prime factors of 2338174?
2, 881, 1327
What are the prime factors of 231107?
231107
What are the prime factors of 112004?
2, 28001
What are the prime factors of 23850715?
5, 7, 681449
What are the prime factors of 1145112?
2, 3, 47713
List the prime factors of 1913753.
61, 137, 229
List the prime factors of 5549108.
2, 251, 5527
List the prime factors of 1429181.
13, 109937
List the prime factors of 54918.
2, 3, 113
List the prime factors of 431858.
2, 7, 109, 283
List the prime factors of 991014.
2, 3, 331, 